e
Does 94 divide 3783594?
True
Is 44144825 a multiple of 186?
False
Does 859 divide 1074337039?
False
Is 314809200 a multiple of 1545?
True
Does 147 divide 57861111?
True
Is 303140800 a multiple of 3393?
False
Does 485 divide 11327879?
False
Is 69816330 a multiple of 314?
True
Does 225 divide 1411999298?
False
Does 172 divide 1064941809?
False
Does 60 divide 395788717?
False
Is 112 a factor of 3987426659?
False
Is 17 a factor of 122660270?
True
Does 1500 divide 142090385?
False
Is 575 a factor of 69677925?
True
Is 136 a factor of 2754097229?
False
Does 3146 divide 1020348472?
True
Does 104 divide 50620132?
False
Is 5 a factor of 398461882?
False
Does 2 divide 24006137?
False
Is 114 a factor of 2135984209?
False
Is 1683854 a multiple of 16?
False
Is 29 a factor of 92922235?
True
Is 50 a factor of 476255541?
False
Is 35 a factor of 205524410?
True
Is 29 a factor of 431919582?
False
Does 25 divide 1288417752?
False
Does 7790 divide 2055048740?
True
Is 62880299 a multiple of 2359?
False
Does 63 divide 41210190?
True
Does 9 divide 2000983947?
False
Does 32 divide 37290912?
True
Does 2211 divide 4290870012?
True
Does 334 divide 171891936?
False
Is 529058343 a multiple of 187?
True
Is 95391563 a multiple of 5?
False
Is 35 a factor of 19170440?
False
Is 77617259 a multiple of 16?
False
Is 394917192 a multiple of 37?
False
Does 84 divide 35503410?
False
Does 24 divide 57581675?
False
Is 450384685 a multiple of 387?
False
Is 6406318990 a multiple of 17?
False
Is 8 a factor of 731513112?
True
Is 4 a factor of 38571249?
False
Is 23138594 a multiple of 11?
False
Does 338 divide 1705409026?
False
Is 123 a factor of 736229169?
True
Is 8 a factor of 160831535?
False
Does 2902 divide 1278658926?
True
Is 4302787 a multiple of 5?
False
Does 3724 divide 433716808?
False
Is 39 a factor of 127464441?
True
Is 36235071 a multiple of 57?
True
Is 81 a factor of 188992924?
False
Is 2 a factor of 48434732?
True
Is 12 a factor of 118110421?
False
Does 1600 divide 61781773?
False
Is 5 a factor of 1098826?
False
Does 7 divide 38484836?
False
Is 82 a factor of 569735846?
False
Is 47238802 a multiple of 24?
False
Is 2353702904 a multiple of 23?
False
Does 782 divide 33544672?
True
Is 7340250 a multiple of 25?
True
Does 32 divide 379865825?
False
Does 416 divide 232513924?
False
Is 3551520 a multiple of 112?
True
Is 28785973 a multiple of 143?
False
Is 278845900 a multiple of 76?
True
Does 2145 divide 77341286?
False
Is 410676130 a multiple of 106?
False
Does 35 divide 346276964?
False
Does 148 divide 11974721?
False
Does 17 divide 2220479820?
True
Is 313 a factor of 248991964?
False
Is 823104 a multiple of 192?
True
Does 439 divide 73267783?
True
Is 38834160 a multiple of 2064?
True
Is 200063825 a multiple of 4525?
True
Is 109 a factor of 884015974?
False
Does 1405 divide 2792999?
False
Is 706307094 a multiple of 139?
True
Does 59 divide 396741656?
False
Is 211 a factor of 1829936957?
True
Does 2066 divide 289741267?
False
Is 3447 a factor of 3283281288?
True
Does 11 divide 92124956?
True
Is 2103 a factor of 478252980?
False
Is 4466500 a multiple of 25?
True
Does 270 divide 178597710?
True
Is 11922680 a multiple of 49?
True
Is 9842 a factor of 700721691?
False
Is 139298585 a multiple of 14?
False
Is 16 a factor of 584787569?
False
Is 139531036 a multiple of 25?
False
Is 49 a factor of 4637768758?
True
Does 1028 divide 8999008?
False
Is 84 a factor of 65603916?
True
Is 6268955 a multiple of 77?
True
Is 993 a factor of 321630714?
True
Is 2662442242 a multiple of 34?
False
Is 713 a factor of 22003180?
True
Does 18 divide 83429208?
True
Does 33 divide 15959068?
False
Does 143 divide 205400767?
True
Does 259 divide 95564784?
True
Is 27699882 a multiple of 8?
False
Does 28 divide 1418752048?
True
Does 9 divide 160564409?
False
Is 84 a factor of 661771908?
True
Is 987 a factor of 131274380?
False
Is 45100 a multiple of 5?
True
Is 1054 a factor of 1644672784?
False
Is 13001176 a multiple of 10?
False
Is 101 a factor of 1365823?
True
Is 6203879 a multiple of 19?
False
Is 13626464 a multiple of 8?
True
Is 58592220 a multiple of 30?
True
Is 51 a factor of 1933602423?
True
Is 18415922 a multiple of 14?
True
Does 72 divide 3218970?
False
Is 1648 a factor of 52314112?
True
Is 1404851808 a multiple of 12?
True
Does 7 divide 149476698?
True
Is 11 a factor of 2853427709?
True
Does 37 divide 245542894?
False
Does 449 divide 509425971?
True
Is 23753242 a multiple of 1215?
False
Does 6431 divide 2200366098?
False
Does 433 divide 52892682?
True
Is 130172616 a multiple of 1372?
True
Does 30 divide 18314410?
False
Is 5375684934 a multiple of 19?
True
Does 1539 divide 1365788216?
False
Is 8612 a factor of 400902334?
False
Does 16909 divide 240953250?
True
Is 517786 a multiple of 20?
False
Is 30852390 a multiple of 1695?
True
Does 3 divide 18942231?
True
Does 2173 divide 833476847?
False
Is 96319044 a multiple of 3188?
True
Does 1978 divide 556154540?
False
Is 1574 a factor of 63429052?
True
Is 43681019 a multiple of 16?
False
Is 42 a factor of 3640414974?
True
Is 2749154395 a multiple of 8255?
True
Does 62 divide 2869896?
False
Is 16959621 a multiple of 329?
True
Does 763 divide 251162814?
True
Is 1557 a factor of 386044137?
True
Is 19250390 even?
True
Is 661 a factor of 252635522?
True
Is 2197 a factor of 1555716684?
False
Is 2776 a factor of 69247320?
True
Is 405277020 a multiple of 4552?
False
Is 549819843 a multiple of 1317?
True
Does 114 divide 32904048?
True
Does 128 divide 13779968?
True
Is 32 a factor of 7020096?
True
Is 536 a factor of 499550091?
False
Is 202284824 a multiple of 4673?
True
Does 19 divide 27817868?
False
Does 3511 divide 16183229?
False
Is 358972776 a multiple of 133?
False
Is 895 a factor of 15010453?
False
Is 17566050 a multiple of 72?
False
Is 235 a factor of 963266645?
True
Is 259861056 a multiple of 973?
True
Does 1968 divide 2692869504?
True
Is 6249796 a multiple of 256?
False
Does 77 divide 240779062?
False
Is 459 a factor of 1893290544?
True
Is 292 a factor of 181527640?
True
Is 28120125 a multiple of 401?
True
Is 11 a factor of 557019663?
False
Does 1499 divide 645919100?
True
Is 89 a factor of 41159189?
False
Is 1677343950 a multiple of 90?
True
Does 1733 divide 86269640?
False
Does 864 divide 56332800?
True
Does 772 divide 2075799148?
True
Does 799 divide 156846097?
True
Does 17 divide 3839188755?
False
Is 37 a factor of 119191581?
False
Is 5 a factor of 6135205?
True
Is 432206424 a multiple of 156?
True
Does 1347 divide 15588044?
False
Does 438 divide 15299340?
True
Is 3644657 a multiple of 904?
False
Does 7 divide 33631269?
True
Is 2 a factor of 29423236?
True
Is 544 a factor of 15589952?
True
Does 508 divide 12007596?
True
Does 32 divide 57887136?
True
Is 4696505648 a multiple of 1490?
False
Is 4575048 a multiple of 79?
True
Is 5873976 a multiple of 612?
True
Does 5 divide 22073974?
False
Is 65010007 a multiple of 36?
False
Does 606 divide 422485020?
True
Does 11 divide 245648320?
False
Is 89 a factor of 1171742120?
False
Does 37 divide 543469588?
False
Is 314086827 a multiple of 315?
False
Does 156 divide 2442553311?
False
Is 3 a factor of 3809187?
True
Does 6 divide 2300484?
True
Does 109 divide 366581981?
False
Is 795 a factor of 4434322?
False
Does 35 divide 793362260?
False
Does 194 divide 6526715?
False
Is 24207405 a multiple of 17?
True
Does 2995 divide 417296345?
True
Does 337 divide 10094835?
True
Does 39 divide 147949659?
True
Is 73746608 a multiple of 415?
False
Is 2428926 a multiple of 1049?
False
Does 79 divide 4459496122?
True
Is 34 a factor of 15781954?
False
Does 15 divide 94758255?
True
Is 10 a factor of 33818593?
False
Is 511 a factor of 7753191877?
False
Does 776 divide 10170528?
False
Is 456 a factor of 52693157?
False
Is 45 a factor of 72971185?
False
Is 27047480 a multiple of 8?
True
Is 16783232 a multiple of 412?
True
Is 252504 a multiple of 18?
True
Is 760369590 a multiple of 90?
True
Is 15040360 a multiple of 4?
True
Is 119 a factor of 57650237?
False
Does 104 divide 17168657?
False
Is 181 a factor of 1301677286?
False
Does 265 divide 556236607?
False
Is 590484006 a multiple of 54?
True
Is 7751374357 a multiple of 107?
True
Does 291 divide 58788111?
True
Is 40077367 a multiple of 1214?
False
Does 149 divide 15358473?
True
Does 115 